{"id":652,"date":"2023-12-28T11:17:50","date_gmt":"2023-12-28T10:17:50","guid":{"rendered":"https:\/\/tricolorstar.cz\/?page_id=652"},"modified":"2023-12-28T11:55:15","modified_gmt":"2023-12-28T10:55:15","slug":"agility","status":"publish","type":"page","link":"https:\/\/tricolorstar.cz\/?page_id=652","title":{"rendered":"Agility"},"content":{"rendered":"\n<p>Druh\u00e1 n\u00e1v\u0161t\u011bva 17.12.2023<\/p>\n\n\n\n<figure class=\"wp-block-video\"><video height=\"1080\" style=\"aspect-ratio: 1920 \/ 1080;\" width=\"1920\" controls src=\"https:\/\/tricolorstar.cz\/wp-content\/uploads\/2023\/12\/20231217_Ani_Agility_Jenstejn1.mp4\"><\/video><\/figure>\n\n\n\n<figure class=\"wp-block-video\"><video height=\"1080\" style=\"aspect-ratio: 1920 \/ 1080;\" width=\"1920\" controls src=\"https:\/\/tricolorstar.cz\/wp-content\/uploads\/2023\/12\/20231217_Ani_Agility_Jenstejn3.mp4\"><\/video><\/figure>\n\n\n\n<p>Prvn\u00ed n\u00e1v\u0161t\u011bva 26.11.2023<\/p>\n\n\n\n<figure class=\"wp-block-video\"><video height=\"1080\" style=\"aspect-ratio: 1920 \/ 1080;\" width=\"1920\" controls src=\"https:\/\/tricolorstar.cz\/wp-content\/uploads\/2023\/12\/20231126__Ani_agility_Jenstejn3.mp4\"><\/video><\/figure>\n\n\n\n<figure class=\"wp-block-video\"><video height=\"1080\" style=\"aspect-ratio: 1920 \/ 1080;\" width=\"1920\" controls src=\"https:\/\/tricolorstar.cz\/wp-content\/uploads\/2023\/12\/20231126__Ani_agility_Jenstejn4.mp4\"><\/video><\/figure>\n\n\n\n<figure class=\"wp-block-video\"><\/figure>\n\n\n\n<p><\/p>\n","protected":false},"excerpt":{"rendered":"<p>Druh\u00e1 n\u00e1v\u0161t\u011bva 17.12.2023 Prvn\u00ed n\u00e1v\u0161t\u011bva 26.11.2023<\/p>\n","protected":false},"author":1,"featured_media":0,"parent":0,"menu_order":0,"comment_status":"closed","ping_status":"closed","template":"","meta":{"footnotes":""},"class_list":["post-652","page","type-page","status-publish","hentry"],"_links":{"self":[{"href":"https:\/\/tricolorstar.cz\/index.php?rest_route=\/wp\/v2\/pages\/652","targetHints":{"allow":["GET"]}}],"collection":[{"href":"https:\/\/tricolorstar.cz\/index.php?rest_route=\/wp\/v2\/pages"}],"about":[{"href":"https:\/\/tricolorstar.cz\/index.php?rest_route=\/wp\/v2\/types\/page"}],"author":[{"embeddable":true,"href":"https:\/\/tricolorstar.cz\/index.php?rest_route=\/wp\/v2\/users\/1"}],"replies":[{"embeddable":true,"href":"https:\/\/tricolorstar.cz\/index.php?rest_route=%2Fwp%2Fv2%2Fcomments&post=652"}],"version-history":[{"count":6,"href":"https:\/\/tricolorstar.cz\/index.php?rest_route=\/wp\/v2\/pages\/652\/revisions"}],"predecessor-version":[{"id":666,"href":"https:\/\/tricolorstar.cz\/index.php?rest_route=\/wp\/v2\/pages\/652\/revisions\/666"}],"wp:attachment":[{"href":"https:\/\/tricolorstar.cz\/index.php?rest_route=%2Fwp%2Fv2%2Fmedia&parent=652"}],"curies":[{"name":"wp","href":"https:\/\/api.w.org\/{rel}","templated":true}]}}